j(u).
-4
Let h(m) be the second derivative of m**5/20 - 5*m**4/4 - 5*m**2/2 + 113*m - 2. Give h(15).
-5
Let s(a) = -2*a**3 - 31*a**2 + 19*a + 54. Let o be s(-16). Let t(v) = -v**3 + 8*v**2 - 6*v - 4. Calculate t(o).
32
Let u = 4 - 7. Let m(f) = 2*f**3 - 8*f**2. Let l(c) = -11*c**3 + 50*c**2 - 1. Let o(b) = -l(b) - 6*m(b). Determine o(u).
10
Suppose 25*s - 24*s = -7. Let q(w) = 5*w**2 + 3*w + 7. Let a(d) = -6*d**2 - 2*d - 8. Let n(b) = -4*a(b) - 5*q(b). Give n(s).
-3
Let k(f) = f**3 - 8*f**2 + f - 2. Let s = -46 - -56. Let t be ((-65)/s)/13 + (-17)/(-2). Calculate k(t).
6
Suppose -3*m + 4*m + 1 = 0. Let y(f) be the first derivative of 1/2*f**2 - 3*f**3 + 0*f - 3. What is y(m)?
-10
Let l(u) = -7*u**2 - u + 4. Let f(c) = 13*c**2 + 3*c - 8. Suppose g + 5 - 3 = 0, 0 = d - 4*g + 3. Let o(b) = d*l(b) - 6*f(b). Calculate o(-7).
4
Let x = 344 + -350. Let i(d) be the third derivative of -d**5/30 - 5*d**4/12 - 7*d**3/6 - 2*d**2. What is i(x)?
-19
Let y(a) be the first derivative of 14*a**3/3 + a + 10. What is y(-1)?
15
Let o(a) = -2*a**3 + 4*a**2 - 2*a - 4. Let y be -12*(-3 - 27/(-12)). Suppose 5*v - 4 = y*v. Let k(f) = -f**3 - f**2 + 1. Let m(w) = v*o(w) + 3*k(w). Give m(-7).
-7
Let r(t) = -t**3 + 3*t**2 + 4*t - 2. Let m be r(0). Let v(h) = -h + 6. Determine v(m).
8
Let i(v) = 11*v**3 + 5*v**2 + 2*v + 2. Let s(j) = 20*j**3 + 11*j**2 + 4*j + 5. Let m(b) = -11*i(b) + 6*s(b). Determine m(11).
30
Let p(h) = -h**2 + 4*h - 5. Let j be p(4). Let x(f) = 8*f**2 - 4*f + 12. Let u be x(7). Let g(z) = 369 - z**3 + z - 5*z**2 - u - 3*z. Calculate g(j).
3
Let b(o) be the second derivative of -o**4/2 + o**3/3 + 4*o + 8. Determine b(-1).
-8
Suppose 5*n = -3 + 18, 12 = f + 3*n. Let h(x) be the second derivative of -8*x + 1/12*x**4 - 1/2*x**2 + 0 + 0*x**f. Determine h(0).
-1
Suppose 6 = -2*l + 3*j, 0*l = l - 5*j + 3. Let t(y) = y + 1. Give t(l).
-2
Let p(v) = v - 57525*v**2 - v + 3 + 57526*v**2 + 3. Calculate p(0).
6
Let m be 19/(-7) + (-2)/7. Let h(i) be the second derivative of 16*i - 1/6*i**3 + 1/2*i**2 + 0. Calculate h(m).
4
Let o(d) be the first derivative of -8*d**3/3 + 16*d - 15. Let i(v) be the first derivative of o(v). Give i(-1).
16
Let n = -199 + 193. Let h(i) = 2*i + 2. What is h(n)?
-10
Suppose 0 = x - 4*x + 48. Let i(d) = -x + 17 + 0*d - d. Determine i(-3).
4
Suppose 2*n + 22 = 4*g, -3*n = -2*g + 18 + 3. Let t(v) = 0 - 11*v + 3 - g. Determine t(1).
-11
Let x(z) = z**2 + 7*z - 11. Let k = -796 + 787. What is x(k)?
7
Let x(z) = -56 + z - 50 - 58 + 152. Give x(-5).
-17
Let u(t) be the second derivative of 4*t**2 + 11*t + 0 + t**3 + 1/12*t**4. Suppose 2*c = 3*q + 3, 6*q + 14 = c + 2*q. What is u(c)?
8
Let a(i) = i**3 + 5*i**2 - 7*i - 4. Suppose 4*y - 28 - 16 = 0. Let j(d) = d - 6. Let b be j(y). Suppose 20 = -b*o + 4*n - 9*n, -n = -o - 8. Give a(o).
2
Let m(u) be the second derivative of u**7/840 - 7*u**6/360 + u**5/120 - 3*u**4/8 - 4*u**3 - 24*u. Let p(y) be the second derivative of m(y). What is p(7)?
-2
Let b(d) be the third derivative of -d**7/5040 + d**6/72 - 31*d**5/60 - 46*d**2. Let y(f) be the third derivative of b(f). Give y(7).
3
Let q(w) be the first derivative of -8*w**3/3 - w**2/2 + w - 1901. Suppose 4*g - 4*t = g - 1, 3*t - 3 = 0. What is q(g)?
-8
Let l(o) = -o**2 + 12*o + 19. Let k(j) = -5*j - 47. Let t be k(-12). Determine l(t).
6
Suppose 0 = 3*w - 5*w - 12. Let g be (-44)/w - 3/9. Let b(s) = -g + 2*s**3 + 0*s - 7*s**2 - s**3 + 7*s. What is b(6)?
-1
Suppose -15 = -146*z + 149*z. Let d(s) = s**2 + 2*s - 4. What is d(z)?
11
Let y = -9 - -20. Suppose -21 = -8*l + y. Let i(f) = -3*f + 2. Calculate i(l).
-10
Suppose -i = -7*i + 54. Suppose 4*g = -3*w - 4, -4*g - 7 - i = 0. Let v(c) = c**2 - c - 4. What is v(w)?
8
Let s(t) = 9*t**2 - 22 + 5 + 26 + t**3 + 11*t. What is s(-7)?
30
Let c(b) = 1 - 6 + b**2 - 1025*b - 1020*b + 2038*b. What is c(9)?
13
Let h(r) = -2*r - 4. Let v be h(-4). Let u be -1*-1*(4 - 2). Let f(c) = -7*c + u*c + 6*c. What is f(v)?
4
Let u(s) = 3 + 3*s**2 + 2*s - 4*s**2 + 2*s. Let l(r) = 34 - 3 - 18 - 6*r - r**2. Let p be l(-7). Calculate u(p).
-9
Let f(n) be the second derivative of n**5/20 + n**4/12 - n**3/3 + 3*n - 2. Let v be (3 - (-21)/(-6))*-8. Let m be 2 + 1 + (v - 5). Give f(m).
8
Let h(u) = -6*u**2 + u + 1. Let f(k) = -25*k + 52. Let p be f(2). Determine h(p).
-21
Let d(u) = 96*u - 95. Let l be d(1). Let x(o) = 4 + 4*o - 4 + 1. Calculate x(l).
5
Let a = -98 + 102. Let k(i) = i**2 + 3*i - 2. Let l be k(-4). Let q(w) = a*w - w**l + 2 - 1 + 3. Calculate q(3).
7
Let x be 1*(2 + (-2 - -5)/(-3)). Let m(s) = -1 + 2 - s**2 + s + 3*s**3 - 2. Give m(x).
2
Let s(v) = 2*v**2 - 5*v + 8. Let p(c) = -c**2 + c - 1. Let r(a) = 3*p(a) + s(a). Let g(j) = -j - 3. Let y = -10 + 11. Let t be g(y). Calculate r(t).
-3
Let n = 66 - 64. Let p(x) = 2*x**3 - 4*x**2 + 2*x + 2. Calculate p(n).
6
Let j(k) = k**3 + 4*k**2 - k - 9. Let w(g) = g**2 - 7*g + 8. Let y be w(4). Let m be j(y). Let z(r) = r**2 - 3. Calculate z(m).
22
Let g(h) = -83 + h**2 - 59 + 136 + 5*h. Suppose 3*s = -s - 4*f - 40, 4*s = 5*f - 22. Give g(s).
18
Suppose -2*s + 16 - 4 = 0. Suppose f = 5*t - 13, -3*f + 6 = -4*t + 23. Let u(p) = 6 - 10*p - 5 + s*p + p**3 - 2*p**t. What is u(3)?
-2
Let n(u) be the second derivative of u**2 + 0 + 1/6*u**3 + 2*u. Suppose -4*g = -8 - 4, 0 = 3*x - g - 12. What is n(x)?
7
Let z(a) be the first derivative of -3*a**2/2 + 7*a - 27. Calculate z(8).
-17
Let f be 18/63 + 2/((-42)/(-15)). Let l(g) = 6*g**2 - g - 1. Give l(f).
4
Let y(i) = -2*i**2 - 29*i - 5. Let x be y(-14). Let z(c) be the first derivative of -c**4/4 + 8*c**3/3 + 4*c**2 + 5*c - 1. Determine z(x).
-4
Let x(j) = 2*j**2 - 5*j + 3. Let q(b) = -b**2 + 3*b - 2. Let t(h) = -7*q(h) - 4*x(h). Suppose -4*s = 4*c + 8, 21*s - 5*c + 10 = 16*s. What is t(s)?
0
Let w be (-12)/(-27) + 1/((-27)/(-42)). Let s(c) = -5*c + 1. Determine s(w).
-9
Let o(t) = -t**3 - 5*t**2 - 6*t - 5. Suppose -4*w + 7*a = 3*a - 20, -2*a = 6. Let y be -6 - (4 - w - 4). What is o(y)?
3
Let r(n) = n**2 - 12*n - 21. Let q be r(14). Let y(k) = -q*k + 4*k**2 + 54 - 3*k**2 - 55. What is y(5)?
-11
Let c(w) = -w**2 + 3*w + 48. Let v be c(-5). Let i(s) = -s**3 + 8*s**2 + s - 5. Determine i(v).
3
Let s(v) = 12*v - 9. Let g(a) = 3*a - 2. Let m(l) = 21*g(l) - 5*s(l). Let u(f) = -113*f + 1915. Let q be u(17). Determine m(q).
-15
Let k = -17 + 17. Let n(b) = 2*b - 21. Determine n(k).
-21
Suppose 5*s = -0*s + 5. Suppose x - 9 = -2*g, x - 29 = -5*g + 5*x. Let b(m) = -1 + 2 - m**2 - g*m**2. Give b(s).
-5
Let w = 2 + -1. Let y(p) = -w - 2 - p - 2. Let d(z) = -169*z + 507. Let t be d(3). Calculate y(t).
-5
Let t(d) = 7*d - 5. Let n(m) = m. Let j(s) = 6*n(s) - t(s). Calculate j(-7).
12
Suppose 15*y - 8*y = 21. Let s(g) = -17*g - 6*g**3 + 3*g**3 + 4*g**3 + 16*g + 1 - 4*g**2. Calculate s(y).
-11
Suppose 5*s - 1 = 4. Let y(a) = -a. Let m(v) be the second derivative of -v**3/3 + v. Let x(f) = 3*m(f) - 12*y(f). Give x(s).
6
Let g = 134 - 132. Let y be 2 + 1 + g/2 + -6. Let b(a) = 8*a + 1. Calculate b(y).
-15
Let s(n) = 2*n**3 - 3 + 5 + 0 + 3*n**2 + 7*n**3 - 3*n**3 - 4*n. Determine s(1).
7
Let g(u) = 4*u + 7. Suppose 0 = i - 3*j - 2, 2*i - 2*j + 2 = j. Suppose -8 - 4 = -3*d. Let s be (-5)/(i/(-16)*d). Calculate g(s).
-13
Suppose 220 = 4*d - 26*d. Let r(l) = l**3 + 11*l**2 + 10*l - 10. Determine r(d).
-10
Let m = 39 + -87. Let k be (4 + m/9)*-3. Let z(j) = -j**3 + 4*j**2. Calculate z(k).
0
Let v(b) = -b**3 + 4*b**2 - 5*b + 5. Let w = -109 - -113. Calculate v(w).
-15
Suppose 5*v + 9 = -f, 2*v = -3*f + 3 - 4. Let g be ((-15)/10*4)/v. Let m(s) = -s**2 + s + 2. What is m(g)?
-4
Let w(g) = -5*g**3 - 8*g**2 - 3. Let b(q) = -9*q**3 - 14*q**2 - q - 5. Let i(x) = -3*b(x) + 5*w(x). Determine i(-2).
-14
Let s(j) = 2*j + 2 - 4 + 1 + j. Determine s(-1).
-4
Let g(f) = f**3 - 3*f**2 - 1. Suppose 5 - 2 = n. Let y be g(n). Let b(u) be the first derivative of -9*u**4/4 - 2*u**3/3 - u**2/2 + 35. Give b(y).
8
Suppose -2*g - v = -0*v - 3, -4*v - 12 = 2*g. Let r(x) = 2 - 11*x + 24*x - 9*x + x**2 - 7*x. What is r(g)?
6
Let z(c) = c**2 - 7*c + 5. Let m be z(6). Let x(a) = -4*a**2 - 2*a + 3. Let b(g) = g**2 + g - 1. Let k(w) = -5*b(w) - 2*x(w). Determine k(m).
3
Let h(r) = 12*r - 9. Let t(g) = -7*g + 6. Let m(l) = -3*h(l) - 5*t(l). Suppose -6*k + 25 = -k. Suppose 0*f = 4*f - z + 13,